{"id":2268,"date":"2025-09-04T11:49:29","date_gmt":"2025-09-04T11:49:29","guid":{"rendered":"https:\/\/arttherapyfestival.org\/eva-ziva-a-lipa\/"},"modified":"2025-09-04T11:55:52","modified_gmt":"2025-09-04T11:55:52","slug":"eva-ziva-a-lipa","status":"publish","type":"page","link":"https:\/\/arttherapyfestival.org\/cs\/eva-ziva-a-lipa\/","title":{"rendered":"EVA, \u017dIVA a L\u00cdPA"},"content":{"rendered":"<p>[et_pb_section fb_built=&#8220;1&#8243; _builder_version=&#8220;4.27.2&#8243; _module_preset=&#8220;default&#8220; da_disable_devices=&#8220;off|off|off&#8220; global_colors_info=&#8220;{}&#8220; da_is_popup=&#8220;off&#8220; da_exit_intent=&#8220;off&#8220; da_has_close=&#8220;on&#8220; da_alt_close=&#8220;off&#8220; da_dark_close=&#8220;off&#8220; da_not_modal=&#8220;on&#8220; da_is_singular=&#8220;off&#8220; da_with_loader=&#8220;off&#8220; da_has_shadow=&#8220;on&#8220;][et_pb_row _builder_version=&#8220;4.27.2&#8243; _module_preset=&#8220;default&#8220; global_colors_info=&#8220;{}&#8220;][et_pb_column type=&#8220;4_4&#8243; _builder_version=&#8220;4.27.2&#8243; _module_preset=&#8220;default&#8220; global_colors_info=&#8220;{}&#8220;][et_pb_text _builder_version=&#8220;4.27.2&#8243; _module_preset=&#8220;default&#8220; text_font_size=&#8220;15px&#8220; hover_enabled=&#8220;0&#8243; global_colors_info=&#8220;{}&#8220; sticky_enabled=&#8220;0&#8243; custom_margin=&#8220;||50px|||&#8220;]<\/p>\n<h3><span style=\"color: #000000;\"><strong>EVA, \u017dIVA a L\u00cdPA<\/strong><\/span><\/h3>\n<p>&nbsp;<\/p>\n<p><span style=\"color: #000000;\">Tento obraz je v\u011bnov\u00e1n \u017een\u011b jm\u00e9nem Eva a vzpom\u00ednce na jej\u00ed hol\u010di\u010dku \u017divu.<\/span><\/p>\n<p><span style=\"color: #000000;\">Se ztr\u00e1tou hol\u010di\u010dky se Eva vyrovn\u00e1vala p\u0159edev\u0161\u00edm pomoc\u00ed nejr\u016fzn\u011bj\u0161\u00edch ritu\u00e1l\u016f. Zasadila j\u00ed tak\u00e9 l\u00edpu, pod kterou dala jej\u00ed popel. Proto je l\u00edpa vyr\u016fstaj\u00edc\u00ed z jizvy po c\u00edsa\u0159i namalovan\u00e1 na vzpom\u00ednkov\u00e9m portr\u00e9tu, kter\u00fd byl sou\u010d\u00e1st\u00ed <a href=\"https:\/\/www.lusilu.art\/blog\/motherhood-2019\/\">prvn\u00ed v\u00fdstavy MotherHood<\/a> v roce 2019: <a href=\"http:\/\/www.lusilu.art\/blog\/motherhood-2019\">www.lusilu.art\/blog\/motherhood-2019.<\/a>  <\/span><span style=\"color: #000000;\"><\/span><\/p>\n<p>[\/et_pb_text][et_pb_video src=&#8220;https:\/\/www.youtube.com\/watch?v=R2oWHd881uQ&#038;t=28s&#8220; _builder_version=&#8220;4.27.2&#8243; _module_preset=&#8220;default&#8220; hover_enabled=&#8220;0&#8243; global_colors_info=&#8220;{}&#8220; border_radii=&#8220;on|15px|15px|15px|15px&#8220; sticky_enabled=&#8220;0&#8243;][\/et_pb_video][\/et_pb_column][\/et_pb_row][\/et_pb_section]<\/p>\n","protected":false},"excerpt":{"rendered":"<p>EVA, \u017dIVA a L\u00cdPA &nbsp; Tento obraz je v\u011bnov\u00e1n \u017een\u011b jm\u00e9nem Eva a vzpom\u00ednce na jej\u00ed hol\u010di\u010dku \u017divu. Se ztr\u00e1tou hol\u010di\u010dky se Eva vyrovn\u00e1vala p\u0159edev\u0161\u00edm pomoc\u00ed nejr\u016fzn\u011bj\u0161\u00edch ritu\u00e1l\u016f. Zasadila j\u00ed tak\u00e9 l\u00edpu, pod kterou dala jej\u00ed popel. Proto je l\u00edpa vyr\u016fstaj\u00edc\u00ed z jizvy po c\u00edsa\u0159i namalovan\u00e1 na vzpom\u00ednkov\u00e9m portr\u00e9tu, kter\u00fd byl sou\u010d\u00e1st\u00ed prvn\u00ed v\u00fdstavy MotherHood [&hellip;]<\/p>\n","protected":false},"author":1,"featured_media":0,"parent":0,"menu_order":0,"comment_status":"closed","ping_status":"closed","template":"page-template-blank.php","meta":{"_et_pb_use_builder":"on","_et_pb_old_content":"","_et_gb_content_width":"","footnotes":""},"class_list":["post-2268","page","type-page","status-publish","hentry"],"_links":{"self":[{"href":"https:\/\/arttherapyfestival.org\/cs\/wp-json\/wp\/v2\/pages\/2268","targetHints":{"allow":["GET"]}}],"collection":[{"href":"https:\/\/arttherapyfestival.org\/cs\/wp-json\/wp\/v2\/pages"}],"about":[{"href":"https:\/\/arttherapyfestival.org\/cs\/wp-json\/wp\/v2\/types\/page"}],"author":[{"embeddable":true,"href":"https:\/\/arttherapyfestival.org\/cs\/wp-json\/wp\/v2\/users\/1"}],"replies":[{"embeddable":true,"href":"https:\/\/arttherapyfestival.org\/cs\/wp-json\/wp\/v2\/comments?post=2268"}],"version-history":[{"count":6,"href":"https:\/\/arttherapyfestival.org\/cs\/wp-json\/wp\/v2\/pages\/2268\/revisions"}],"predecessor-version":[{"id":2287,"href":"https:\/\/arttherapyfestival.org\/cs\/wp-json\/wp\/v2\/pages\/2268\/revisions\/2287"}],"wp:attachment":[{"href":"https:\/\/arttherapyfestival.org\/cs\/wp-json\/wp\/v2\/media?parent=2268"}],"curies":[{"name":"wp","href":"https:\/\/api.w.org\/{rel}","templated":true}]}}

EVA, ŽIVA a LÍPA

<p>[et_pb_section fb_built=&#8220;1&#8243; _builder_version=&#8220;4.27.2&#8243; _module_preset=&#8220;default&#8220; da_disable_devices=&#8220;off|off|off&#8220; global_colors_info=&#8220;{}&#8220; da_is_popup=&#8220;off&#8220; da_exit_intent=&#8220;off&#8220; da_has_close=&#8220;on&#8220; da_alt_close=&#8220;off&#8220; da_dark_close=&#8220;off&#8220; da_not_modal=&#8220;on&#8220; da_is_singular=&#8220;off&#8220; da_with_loader=&#8220;off&#8220; da_has_shadow=&#8220;on&#8220;][et_pb_row _builder_version=&#8220;4.27.2&#8243; _module_preset=&#8220;default&#8220; global_colors_info=&#8220;{}&#8220;][et_pb_column type=&#8220;4_4&#8243; _builder_version=&#8220;4.27.2&#8243; _module_preset=&#8220;default&#8220; global_colors_info=&#8220;{}&#8220;][et_pb_text _builder_version=&#8220;4.27.2&#8243; _module_preset=&#8220;default&#8220; text_font_size=&#8220;15px&#8220; hover_enabled=&#8220;0&#8243; global_colors_info=&#8220;{}&#8220; sticky_enabled=&#8220;0&#8243; custom_margin=&#8220;||50px|||&#8220;]</p>
<h3><span style="color: #000000;"><strong>EVA, ŽIVA a LÍPA</strong></span></h3>
<p>&nbsp;</p>
<p><span style="color: #000000;">Tento obraz je věnován ženě jménem Eva a vzpomínce na její holčičku Živu.</span></p>
<p><span style="color: #000000;">Se ztrátou holčičky se Eva vyrovnávala především pomocí nejrůznějších rituálů. Zasadila jí také lípu, pod kterou dala její popel. Proto je lípa vyrůstající z jizvy po císaři namalovaná na vzpomínkovém portrétu, který byl součástí <a href="https://www.lusilu.art/blog/motherhood-2019/">první výstavy MotherHood</a> v roce 2019: <a href="http://www.lusilu.art/blog/motherhood-2019">www.lusilu.art/blog/motherhood-2019.</a>  </span><span style="color: #000000;"></span></p>
<p>[/et_pb_text][et_pb_video src=&#8220;https://www.youtube.com/watch?v=R2oWHd881uQ&#038;t=28s&#8220; _builder_version=&#8220;4.27.2&#8243; _module_preset=&#8220;default&#8220; hover_enabled=&#8220;0&#8243; global_colors_info=&#8220;{}&#8220; border_radii=&#8220;on|15px|15px|15px|15px&#8220; sticky_enabled=&#8220;0&#8243;][/et_pb_video][/et_pb_column][/et_pb_row][/et_pb_section]</p>

<p>EVA, ŽIVA a LÍPA &nbsp; Tento obraz je věnován ženě jménem Eva a vzpomínce na její holčičku Živu. Se ztrátou holčičky se Eva vyrovnávala především pomocí nejrůznějších rituálů. Zasadila jí také lípu, pod kterou dala její popel. Proto je lípa vyrůstající z jizvy po císaři namalovaná na vzpomínkovém portrétu, který byl součástí první výstavy MotherHood [&hellip;]</p>
